{"id":7403,"date":"2023-09-06T17:20:17","date_gmt":"2023-09-06T15:20:17","guid":{"rendered":"https:\/\/www.eventosaizea.com\/?post_type=product&#038;p=7403"},"modified":"2023-09-07T09:58:37","modified_gmt":"2023-09-07T07:58:37","slug":"arbol-de-navidad-de-7-metros-de-altura","status":"publish","type":"product","link":"https:\/\/elgloboferoz.es\/eventos\/producto\/arbol-de-navidad-de-7-metros-de-altura\/","title":{"rendered":"Navidad en Centro Comercial El Tormes"},"content":{"rendered":"","protected":false},"excerpt":{"rendered":"<p>El extraordinario \u00e1rbol de Navidad de 7 metros, completamente confeccionado con globos, fue una destacada atracci\u00f3n en el Centro Comercial El Tormes de Salamanca. Dej\u00f3 a todos los visitantes asombrados y encantados con esta espectacular decoraci\u00f3n navide\u00f1a<\/p>\n","protected":false},"featured_media":7404,"template":"","meta":[],"product_cat":[98],"product_tag":[],"_links":{"self":[{"href":"https:\/\/elgloboferoz.es\/eventos\/wp-json\/wp\/v2\/product\/7403"}],"collection":[{"href":"https:\/\/elgloboferoz.es\/eventos\/wp-json\/wp\/v2\/product"}],"about":[{"href":"https:\/\/elgloboferoz.es\/eventos\/wp-json\/wp\/v2\/types\/product"}],"wp:featuredmedia":[{"embeddable":true,"href":"https:\/\/elgloboferoz.es\/eventos\/wp-json\/wp\/v2\/media\/7404"}],"wp:attachment":[{"href":"https:\/\/elgloboferoz.es\/eventos\/wp-json\/wp\/v2\/media?parent=7403"}],"wp:term":[{"taxonomy":"product_cat","embeddable":true,"href":"https:\/\/elgloboferoz.es\/eventos\/wp-json\/wp\/v2\/product_cat?post=7403"},{"taxonomy":"product_tag","embeddable":true,"href":"https:\/\/elgloboferoz.es\/eventos\/wp-json\/wp\/v2\/product_tag?post=7403"}],"curies":[{"name":"wp","href":"https:\/\/api.w.org\/{rel}","templated":true}]}}

<p>El extraordinario árbol de Navidad de 7 metros, completamente confeccionado con globos, fue una destacada atracción en el Centro Comercial El Tormes de Salamanca. Dejó a todos los visitantes asombrados y encantados con esta espectacular decoración navideña</p>
