{"id":7444,"date":"2023-09-07T11:11:27","date_gmt":"2023-09-07T09:11:27","guid":{"rendered":"https:\/\/www.eventosaizea.com\/?post_type=product&#038;p=7444"},"modified":"2023-09-07T11:11:27","modified_gmt":"2023-09-07T09:11:27","slug":"san-valentin-en-media-markt-santander","status":"publish","type":"product","link":"https:\/\/elgloboferoz.es\/eventos\/producto\/san-valentin-en-media-markt-santander\/","title":{"rendered":"San Valentin en Media Markt Santander"},"content":{"rendered":"","protected":false},"excerpt":{"rendered":"<p>San Valent\u00edn, un d\u00eda especial lleno de amor. Nuestra decoraci\u00f3n con globos no solo cre\u00f3 un ambiente propicio para el amor, sino que tambi\u00e9n irradi\u00f3 alegr\u00eda y entusiasmo, alentando a los visitantes a hacer regalos especiales a sus parejas en este d\u00eda tan significativo<\/p>\n","protected":false},"featured_media":7446,"template":"","meta":[],"product_cat":[98],"product_tag":[],"_links":{"self":[{"href":"https:\/\/elgloboferoz.es\/eventos\/wp-json\/wp\/v2\/product\/7444"}],"collection":[{"href":"https:\/\/elgloboferoz.es\/eventos\/wp-json\/wp\/v2\/product"}],"about":[{"href":"https:\/\/elgloboferoz.es\/eventos\/wp-json\/wp\/v2\/types\/product"}],"wp:featuredmedia":[{"embeddable":true,"href":"https:\/\/elgloboferoz.es\/eventos\/wp-json\/wp\/v2\/media\/7446"}],"wp:attachment":[{"href":"https:\/\/elgloboferoz.es\/eventos\/wp-json\/wp\/v2\/media?parent=7444"}],"wp:term":[{"taxonomy":"product_cat","embeddable":true,"href":"https:\/\/elgloboferoz.es\/eventos\/wp-json\/wp\/v2\/product_cat?post=7444"},{"taxonomy":"product_tag","embeddable":true,"href":"https:\/\/elgloboferoz.es\/eventos\/wp-json\/wp\/v2\/product_tag?post=7444"}],"curies":[{"name":"wp","href":"https:\/\/api.w.org\/{rel}","templated":true}]}}

<p>San Valentín, un día especial lleno de amor. Nuestra decoración con globos no solo creó un ambiente propicio para el amor, sino que también irradió alegría y entusiasmo, alentando a los visitantes a hacer regalos especiales a sus parejas en este día tan significativo</p>
