{"id":7481,"date":"2023-09-07T12:54:08","date_gmt":"2023-09-07T10:54:08","guid":{"rendered":"https:\/\/www.eventosaizea.com\/?post_type=product&#038;p=7481"},"modified":"2023-09-07T12:54:08","modified_gmt":"2023-09-07T10:54:08","slug":"san-valentin-en-media-markt-santander-2","status":"publish","type":"product","link":"https:\/\/elgloboferoz.es\/eventos\/producto\/san-valentin-en-media-markt-santander-2\/","title":{"rendered":"San Valentin en Media Markt Santander"},"content":{"rendered":"","protected":false},"excerpt":{"rendered":"<p>En San Valent\u00edn, d\u00eda del amor por excelencia, nuestra decoraci\u00f3n con globos cre\u00f3 un ambiente perfecto para celebrar el amor y comparti\u00f3 una vibrante energ\u00eda festiva. Inspiramos a los visitantes a expresar su cari\u00f1o con regalos especiales, haciendo de esta fecha un momento memorable<\/p>\n","protected":false},"featured_media":7482,"template":"","meta":[],"product_cat":[100],"product_tag":[],"_links":{"self":[{"href":"https:\/\/elgloboferoz.es\/eventos\/wp-json\/wp\/v2\/product\/7481"}],"collection":[{"href":"https:\/\/elgloboferoz.es\/eventos\/wp-json\/wp\/v2\/product"}],"about":[{"href":"https:\/\/elgloboferoz.es\/eventos\/wp-json\/wp\/v2\/types\/product"}],"wp:featuredmedia":[{"embeddable":true,"href":"https:\/\/elgloboferoz.es\/eventos\/wp-json\/wp\/v2\/media\/7482"}],"wp:attachment":[{"href":"https:\/\/elgloboferoz.es\/eventos\/wp-json\/wp\/v2\/media?parent=7481"}],"wp:term":[{"taxonomy":"product_cat","embeddable":true,"href":"https:\/\/elgloboferoz.es\/eventos\/wp-json\/wp\/v2\/product_cat?post=7481"},{"taxonomy":"product_tag","embeddable":true,"href":"https:\/\/elgloboferoz.es\/eventos\/wp-json\/wp\/v2\/product_tag?post=7481"}],"curies":[{"name":"wp","href":"https:\/\/api.w.org\/{rel}","templated":true}]}}

<p>En San Valentín, día del amor por excelencia, nuestra decoración con globos creó un ambiente perfecto para celebrar el amor y compartió una vibrante energía festiva. Inspiramos a los visitantes a expresar su cariño con regalos especiales, haciendo de esta fecha un momento memorable</p>
