{"id":7485,"date":"2023-09-07T13:06:40","date_gmt":"2023-09-07T11:06:40","guid":{"rendered":"https:\/\/www.eventosaizea.com\/?post_type=product&#038;p=7485"},"modified":"2023-09-07T18:50:18","modified_gmt":"2023-09-07T16:50:18","slug":"promocion-de-circo-en-conforama","status":"publish","type":"product","link":"https:\/\/elgloboferoz.es\/eventos\/producto\/promocion-de-circo-en-conforama\/","title":{"rendered":"Promoci\u00f3n de circo en Conforama"},"content":{"rendered":"","protected":false},"excerpt":{"rendered":"<p>Para una promoci\u00f3n de Conforama con tem\u00e1tica de circo, creamos una entrada sumamente llamativa. Los transe\u00fantes no dejaban de tomar fotos y mostrar inter\u00e9s por lo que ocurr\u00eda all\u00ed. Logramos con \u00e9xito nuestro objetivo de captar la atenci\u00f3n y generar curiosidad en el p\u00fablico<\/p>\n","protected":false},"featured_media":7486,"template":"","meta":[],"product_cat":[100],"product_tag":[],"_links":{"self":[{"href":"https:\/\/elgloboferoz.es\/eventos\/wp-json\/wp\/v2\/product\/7485"}],"collection":[{"href":"https:\/\/elgloboferoz.es\/eventos\/wp-json\/wp\/v2\/product"}],"about":[{"href":"https:\/\/elgloboferoz.es\/eventos\/wp-json\/wp\/v2\/types\/product"}],"wp:featuredmedia":[{"embeddable":true,"href":"https:\/\/elgloboferoz.es\/eventos\/wp-json\/wp\/v2\/media\/7486"}],"wp:attachment":[{"href":"https:\/\/elgloboferoz.es\/eventos\/wp-json\/wp\/v2\/media?parent=7485"}],"wp:term":[{"taxonomy":"product_cat","embeddable":true,"href":"https:\/\/elgloboferoz.es\/eventos\/wp-json\/wp\/v2\/product_cat?post=7485"},{"taxonomy":"product_tag","embeddable":true,"href":"https:\/\/elgloboferoz.es\/eventos\/wp-json\/wp\/v2\/product_tag?post=7485"}],"curies":[{"name":"wp","href":"https:\/\/api.w.org\/{rel}","templated":true}]}}