{"id":7498,"date":"2023-09-07T13:36:00","date_gmt":"2023-09-07T11:36:00","guid":{"rendered":"https:\/\/www.eventosaizea.com\/?post_type=product&#038;p=7498"},"modified":"2023-09-07T13:36:00","modified_gmt":"2023-09-07T11:36:00","slug":"pulpo-gigante-en-sopelana","status":"publish","type":"product","link":"https:\/\/elgloboferoz.es\/eventos\/producto\/pulpo-gigante-en-sopelana\/","title":{"rendered":"Pulpo gigante en Sopelana"},"content":{"rendered":"","protected":false},"excerpt":{"rendered":"<p>Nuestro pulpo gigante de globos se convirti\u00f3 en la atracci\u00f3n principal del pasacalles que marc\u00f3 el comienzo de las festividades del barrio de Larrabasterra en Sopelana. Sus ocho tent\u00e1culos en movimiento dieron vida al espect\u00e1culo, dejando una impresi\u00f3n imborrable en los asistentes. Una forma extraordinaria de inaugurar las fiestas<\/p>\n","protected":false},"featured_media":7499,"template":"","meta":[],"product_cat":[101],"product_tag":[],"_links":{"self":[{"href":"https:\/\/elgloboferoz.es\/eventos\/wp-json\/wp\/v2\/product\/7498"}],"collection":[{"href":"https:\/\/elgloboferoz.es\/eventos\/wp-json\/wp\/v2\/product"}],"about":[{"href":"https:\/\/elgloboferoz.es\/eventos\/wp-json\/wp\/v2\/types\/product"}],"wp:featuredmedia":[{"embeddable":true,"href":"https:\/\/elgloboferoz.es\/eventos\/wp-json\/wp\/v2\/media\/7499"}],"wp:attachment":[{"href":"https:\/\/elgloboferoz.es\/eventos\/wp-json\/wp\/v2\/media?parent=7498"}],"wp:term":[{"taxonomy":"product_cat","embeddable":true,"href":"https:\/\/elgloboferoz.es\/eventos\/wp-json\/wp\/v2\/product_cat?post=7498"},{"taxonomy":"product_tag","embeddable":true,"href":"https:\/\/elgloboferoz.es\/eventos\/wp-json\/wp\/v2\/product_tag?post=7498"}],"curies":[{"name":"wp","href":"https:\/\/api.w.org\/{rel}","templated":true}]}}