{"id":7553,"date":"2023-09-07T19:13:07","date_gmt":"2023-09-07T17:13:07","guid":{"rendered":"https:\/\/www.eventosaizea.com\/?post_type=product&#038;p=7553"},"modified":"2023-09-07T19:13:07","modified_gmt":"2023-09-07T17:13:07","slug":"100-aniversario-de-zf-en-lezama","status":"publish","type":"product","link":"https:\/\/elgloboferoz.es\/eventos\/producto\/100-aniversario-de-zf-en-lezama\/","title":{"rendered":"100 aniversario de ZF en Lezama"},"content":{"rendered":"","protected":false},"excerpt":{"rendered":"<p>Para conmemorar el centenario de la empresa ZF en Lezama, creamos una espectacular entrada con globos que resaltaba la magnitud de este hito. Nuestra decoraci\u00f3n contribuy\u00f3 a que la celebraci\u00f3n fuera memorable y enfatiz\u00f3 la importancia del centenario en la historia de la empresa.\u00bb<\/p>\n","protected":false},"featured_media":7554,"template":"","meta":[],"product_cat":[102],"product_tag":[],"_links":{"self":[{"href":"https:\/\/elgloboferoz.es\/eventos\/wp-json\/wp\/v2\/product\/7553"}],"collection":[{"href":"https:\/\/elgloboferoz.es\/eventos\/wp-json\/wp\/v2\/product"}],"about":[{"href":"https:\/\/elgloboferoz.es\/eventos\/wp-json\/wp\/v2\/types\/product"}],"wp:featuredmedia":[{"embeddable":true,"href":"https:\/\/elgloboferoz.es\/eventos\/wp-json\/wp\/v2\/media\/7554"}],"wp:attachment":[{"href":"https:\/\/elgloboferoz.es\/eventos\/wp-json\/wp\/v2\/media?parent=7553"}],"wp:term":[{"taxonomy":"product_cat","embeddable":true,"href":"https:\/\/elgloboferoz.es\/eventos\/wp-json\/wp\/v2\/product_cat?post=7553"},{"taxonomy":"product_tag","embeddable":true,"href":"https:\/\/elgloboferoz.es\/eventos\/wp-json\/wp\/v2\/product_tag?post=7553"}],"curies":[{"name":"wp","href":"https:\/\/api.w.org\/{rel}","templated":true}]}}