{"id":7580,"date":"2023-09-08T13:17:33","date_gmt":"2023-09-08T11:17:33","guid":{"rendered":"https:\/\/www.eventosaizea.com\/?post_type=product&#038;p=7580"},"modified":"2023-09-08T13:17:33","modified_gmt":"2023-09-08T11:17:33","slug":"aniversario-de-faes-farma-en-museo-guggenheim-bilbao","status":"publish","type":"product","link":"https:\/\/elgloboferoz.es\/eventos\/producto\/aniversario-de-faes-farma-en-museo-guggenheim-bilbao\/","title":{"rendered":"Aniversario de Faes Farma en museo Guggenheim Bilbao"},"content":{"rendered":"","protected":false},"excerpt":{"rendered":"<p>Faes Farma celebr\u00f3 su aniversario en el ic\u00f3nico Museo Guggenheim de Bilbao y para a\u00f1adir un ambiente festivo, nos eligieron para decorar el espacio con globos. Afrontamos este desaf\u00edo con entusiasmo y creatividad, y el resultado dej\u00f3 a Faes Farma encantados con nuestra propuesta<\/p>\n","protected":false},"featured_media":7591,"template":"","meta":[],"product_cat":[102],"product_tag":[],"_links":{"self":[{"href":"https:\/\/elgloboferoz.es\/eventos\/wp-json\/wp\/v2\/product\/7580"}],"collection":[{"href":"https:\/\/elgloboferoz.es\/eventos\/wp-json\/wp\/v2\/product"}],"about":[{"href":"https:\/\/elgloboferoz.es\/eventos\/wp-json\/wp\/v2\/types\/product"}],"wp:featuredmedia":[{"embeddable":true,"href":"https:\/\/elgloboferoz.es\/eventos\/wp-json\/wp\/v2\/media\/7591"}],"wp:attachment":[{"href":"https:\/\/elgloboferoz.es\/eventos\/wp-json\/wp\/v2\/media?parent=7580"}],"wp:term":[{"taxonomy":"product_cat","embeddable":true,"href":"https:\/\/elgloboferoz.es\/eventos\/wp-json\/wp\/v2\/product_cat?post=7580"},{"taxonomy":"product_tag","embeddable":true,"href":"https:\/\/elgloboferoz.es\/eventos\/wp-json\/wp\/v2\/product_tag?post=7580"}],"curies":[{"name":"wp","href":"https:\/\/api.w.org\/{rel}","templated":true}]}}

<p>Faes Farma celebró su aniversario en el icónico Museo Guggenheim de Bilbao y para añadir un ambiente festivo, nos eligieron para decorar el espacio con globos. Afrontamos este desafío con entusiasmo y creatividad, y el resultado dejó a Faes Farma encantados con nuestra propuesta</p>
